 common divisor of 2208 and 2853666672?
1104
Calculate the greatest common divisor of 35746926 and 96.
6
Calculate the greatest common factor of 19517 and 18096.
29
Calculate the highest common factor of 21665856 and 144.
48
Calculate the highest common divisor of 1401250 and 190.
190
Calculate the greatest common divisor of 237529 and 3563800.
173
What is the greatest common divisor of 212988 and 750?
6
Calculate the highest common divisor of 332 and 3007052.
4
Calculate the highest common divisor of 89908 and 373996.
532
Calculate the highest common factor of 5750 and 2854438.
46
What is the highest common factor of 1512690 and 80?
10
Calculate the highest common factor of 78 and 202657377.
39
What is the highest common factor of 69207544 and 12257?
119
What is the highest common factor of 5986 and 28831934?
146
What is the greatest common factor of 2171 and 69942606?
167
What is the highest common divisor of 627 and 17136138?
57
What is the greatest common divisor of 28 and 123928308?
28
Calculate the greatest common divisor of 238 and 96802811.
119
What is the highest common factor of 12714 and 2291291?
163
Calculate the highest common factor of 2260865 and 113579.
2143
What is the highest common factor of 67816 and 120197?
49
Calculate the highest common divisor of 99540 and 8340346.
1106
What is the highest common divisor of 6867 and 35343?
63
What is the greatest common factor of 711 and 276579?
711
What is the greatest common factor of 32200 and 623024?
184
What is the greatest common factor of 15624 and 11161395?
1953
Calculate the highest common factor of 210078475 and 3260.
815
What is the greatest common divisor of 91260 and 103140?
540
Calculate the greatest common factor of 152 and 74463983.
19
Calculate the greatest common factor of 9483 and 30848853.
327
Calculate the highest common factor of 25744 and 3664.
16
What is the highest common divisor of 123 and 18252585?
123
What is the highest common divisor of 216 and 7976152?
8
Calculate the greatest common divisor of 815486075 and 12380.
3095
Calculate the highest common factor of 11158545 and 6885.
255
What is the highest common divisor of 205032 and 1344?
24
What is the greatest common divisor of 4627 and 5969491?
661
Calculate the highest common factor of 279203310 and 198.
18
What is the greatest common factor of 71553 and 2479467?
3111
Calculate the highest common divisor of 123 and 3840101.
41
Calculate the highest common divisor of 54999525 and 1575.
525
What is the highest common factor of 15027097 and 298?
149
Calculate the highest common factor of 2503366 and 759.
23
What is the greatest common divisor of 76 and 446381326?
38
What is the greatest common factor of 122507 and 4389?
77
What is the greatest common divisor of 1460361 and 1634037?
1059
Calculate the highest common factor of 2525 and 168646770.
505
What is the greatest common factor of 37040 and 2331668?
1852
What is the greatest common divisor of 114954 and 321402?
2346
What is the greatest common divisor of 128 and 11364928?
64
What is the greatest common factor of 16617 and 1209603?
573
Calculate the highest common factor of 741 and 109047783.
741
Calculate the greatest common divisor of 12148 and 72640.
4
What is the highest common divisor of 9 and 1957113?
9
Calculate the highest common divisor of 798446 and 3564.
22
Calculate the greatest common divisor of 288 and 2142540.
36
Calculate the highest common factor of 54075455 and 80405.
6185
What is the greatest common divisor of 113 and 894713?
1
Calculate the highest common divisor of 35 and 33260815.
35
Calculate the greatest common divisor of 2336 and 13068460.
292
What is the greatest common divisor of 177491897 and 275?
11
What is the highest common divisor of 45784 and 507164?
236
Calculate the greatest common factor of 363 and 25228016.
121
What is the greatest common factor of 8116940 and 1170?
130
Calculate the highest common divisor of 20037300 and 36.
12
What is the greatest common divisor of 39 and 21071154?
39
What is the greatest common divisor of 139649992 and 9445?
1889
Calculate the greatest common divisor of 6904830 and 3105.
345
Calculate the highest common factor of 40 and 426768630.
10
What is the highest common factor of 226319 and 3937153?
997
What is the highest common factor of 3162312 and 20308536?
12024
Calculate the highest common factor of 32072161 and 386.
193
What is the highest common factor of 1361445 and 25857765?
4845
What is the highest common factor of 327 and 200952727?
109
What is the highest common divisor of 138 and 745131?
69
Calculate the greatest common factor of 2135 and 6097805.
35
Calculate the highest common factor of 1221 and 3512641.
11
Calculate the greatest common divisor of 1545 and 2965935.
15
What is the greatest common divisor of 21 and 1500828819?
21
What is the greatest common divisor of 14828 and 254276?
44
Calculate the highest common factor of 1296 and 2940894.
54
What is the highest common divisor of 7965 and 1383609?
177
What is the highest common factor of 72314 and 416746?
418
Calculate the greatest common divisor of 39123 and 11806452.
4347
What is the greatest common divisor of 16242 and 47238?
6
Calculate the greatest common factor of 142632 and 8998920.
504
What is the highest common factor of 17 and 286601164?
17
What is the greatest common factor of 68486 and 5158241?
3113
Calculate the highest common factor of 8862620 and 65.
65
What is the highest common divisor of 1071 and 3427812?
153
Calculate the greatest common divisor of 2686998 and 2760.
138
What is the highest common factor of 14096008 and 73?
73
Calculate the highest common factor of 34 and 142841837.
17
What is the greatest common factor of 8626530 and 120?
30
Calculate the greatest common divisor of 610 and 54302810.
610
Calculate the highest common divisor of 1014472 and 13323008.
5864
Calculate the greatest common factor of 9358794 and 95850.
3834
What is the highest common divisor of 128 and 9310328?
8
What is the highest common factor of 4445 and 3065545?
35
Calculate the greatest common divisor of 14 and 1770167.
7
What is the highest common factor of 53009918 and 11349?
1261
Calculate the highest common factor of 438265 and 2553851.
851
What is the highest common factor of 2617181 and 2891?
413
Calculate the greatest common divisor of 13508 and 9240.
44
What is the highest common divisor of 27054128 and 128?
16
What is the greatest common divisor of 195 and 35702615?
65
What is the highest common divisor of 1393709 and 1048?
131
Calculate the greatest common divisor of 21072038 and 182.
26
Calculate the highest common divisor of 114 and 57879282.
114
Calculate the highest common divisor of 213 and 582870169.
71
Calculate the greatest common factor of 152 and 581648.
8
What is the highest common factor of 42201099 and 21861?
3123
Calculate the greatest common factor of 3240 and 28873584.
648
What is the highest common divisor of 113906533 and 13?
13
Calculate the highest common factor of 80 and 10301552.
16
What is the highest common divisor of 129 and 2482003?
43
What is the greatest common factor of 421583596 and 28?
28
Calculate the highest common divisor of 1064 and 30244504.
152
Calculate the greatest common divisor of 6368 and 32227652.
796
What is the greatest common divisor of 2987829 and 585?
117
What is the highest common factor of 32 and 31923488?
32
Calculate the greatest common factor of 2269381 and 51.
17
Calculate the greatest common divisor of 3021 and 183456267.
3021
What is the greatest common divisor of 33648 and 387984?
48
What is the highest common divisor of 46919912 and 1066?
26
What is the highest common factor of 4715400 and 330?
30
What is the greatest common divisor of 3105 and 26545?
5
What is the greatest common factor of 204549982 and 819?
91
What is the greatest common divisor of 6208 and 418672?
16
Calculate the highest common factor of 3 and 1179561.
3
What is the highest common factor of 2361891750 and 14970?
14970
What is the highest common factor of 238620 and 780?
60
Calculate the highest common factor of 14 and 354454933.
7
What is the highest common divisor of 2366 and 8787142?
182
What is the greatest common factor of 69174 and 871038?
126
What is the greatest common factor